
7, 283
Let g = 31 + -26. Suppose -2*h + m + 145 = 0, 0*m = g*h - 4*m - 361. Let b = h - 12. List the prime factors of b.
61
What are the prime factors of 5*(-2)/(-70) + (-20820)/(-84)?
2, 31
Let v = -37 + 41. Let t(a) = 5*a**2 - 4. What are the prime factors of t(v)?
2, 19
Suppose 0 = -5*g - k + 21, 0 = -5*g - k - 3*k + 24. Suppose g*j - 139 = 77. Let t = -35 + j. What are the prime factors of t?
19
Let g(r) = -25*r - 31. Suppose 3*o + 24 = -3*s, -3*s - 2 = o - 4*s. What are the prime factors of g(o)?
2, 47
Let d(f) = f + 10. Let o be d(-14). Let l be (-1)/(0 + o/(-4)). Let w(s) = 7*s**2 - 1. What are the prime factors of w(l)?
2, 3
Let t(i) = i**3 - 6*i**2 - 15*i - 7. Let o = 23 + -14. List the prime factors of t(o).
101
Suppose -c - 3*a + 516 = 80, -c + 3*a = -418. List the prime factors of c.
7, 61
Let v be (-43)/(2 + 20/(-8)). Suppose -278 = -3*a + 4*z, 4*z = -a + 2*z + v. What are the prime factors of a?
2, 3, 5
Let w be (6 - 13)/(-1 + 0). Suppose 0 = -2*x + w*x - 145. List the prime factors of x.
29
Suppose 7*s - 3*s = 8. Let g(h) = -2*h**s + 3*h**2 + h - 14 + 5 + 0*h. What are the prime factors of g(-5)?
11
Suppose -13*h + 4*h + 54 = 0. What are the prime factors of (-2 - -26)*(h + 1 + -1)?
2, 3
List the prime factors of 741 + (-8 - -8)/(-9).
3, 13, 19
Suppose 0 = -3*i - 3*l - 3, -7*l + 3*l = i + 10. Suppose 0 = a - 4*r - 9, -3*a - r = -i + 1. What are the prime factors of 34 + (9/a)/3?
37
List the prime factors of 918*1 - 18/9.
2, 229
Suppose -3*y - 50 = -4*t, -42 = -4*t - 4*y + 3*y. Suppose 0 = -z - 2*z. Let a = t - z. What are the prime factors of a?
11
Let g(b) = -b**3 - 11*b**2 - 25*b - 56. What are the prime factors of g(-16)?
2, 7, 29
Let m = 4094 + -1674. What are the prime factors of m?
2, 5, 11
Suppose 4*g + 4*w = 2640, w = -3*g + 2*w + 1976. What are the prime factors of g?
659
Let v be ((-2)/3)/(13/3 + -5). Let t = v + 43. What are the prime factors of t?
2, 11
Let r(c) = -c - 4. Let t be r(-4). Suppose t*z = -d + z + 18, -2*z = -5*d + 96. What are the prime factors of d?
2, 5
What are the prime factors of (0 - 2/4)*(-430846)/73?
13, 227
Let a(f) = -2*f**2 - 11*f - 22. Let k be a(-11). Let i = 285 + k. What are the prime factors of i?
2, 71
Let w be 10/15*(-4 - -1). Let o(f) = -7*f**2 - 3*f + 1. Let s be o(w). Let a = 34 + s. List the prime factors of a.
13
Suppose 222*w = 221*w + 2104. List the prime factors of w.
2, 263
What are the prime factors of (-8)/(-4)*1275/6?
5, 17
Let v be 69/9 + (-4)/(-12). Suppose -v*p + 6*p + 70 = 0. What are the prime factors of p?
5, 7
List the prime factors of (3/(-30) + 3102/120)*64.
2, 103
Let p = -300 - -933. What are the prime factors of p?
3, 211
Suppose 0 = 3*i - 2*g + 4*g + 1306, -3 = -3*g. Let t = i + 627. What are the prime factors of t?
191
Let a(h) = h**3 - 11*h**2 + 6*h - 29. Let d be a(16). Suppose 6*w + 3*b = 2*w + d, -w = 4*b - 327. What are the prime factors of w?
3, 113
Let k(i) = -i**2 - 8*i + 9. Let m be k(-9). Suppose 0 = -m*v + v. Suppose 259 = 5*q + 4*d, v*q - 4*q = 5*d - 209. List the prime factors of q.
3, 17
Suppose 73*f - 15 = 70*f. Suppose -f*x + 4*s + 27 = 0, 4*s = 2*x - s - 4. List the prime factors of x.
7
Let c = -7 - -11. Suppose 0 = -c*z + 87 + 73. What are the prime factors of z?
2, 5
Let q = 1568 + -1094. List the prime factors of q.
2, 3, 79
Let s = 686 - 653. What are the prime factors of s?
3, 11
Suppose 3*z + 3*z = 18648. What are the prime factors of z?
2, 3, 7, 37
Let r be 844/14 + 28/(-98). Let o = -45 + r. What are the prime factors of o?
3, 5
What are the prime factors of (-3)/(-1)*(-2 + 10668/18)?
2, 443
Let h be 4/18 + (-11312)/(-126). Let a be (-18)/h - 32/(-10). List the prime factors of 1 + 93*2/a.
3, 7
Suppose 0 = 5*r + 154 - 24. Suppose 0 = -13*g + 42 - 3. Let f = g - r. List the prime factors of f.
29
Let z = -4 + 7. Let c be 1 - (z + -7 - -17). What are the prime factors of -1 + (-3)/(c/112)?
3
Suppose 0 = 2*s - 5*l - 0 + 13, -5*s = -3*l - 15. Suppose 87 = 3*p + s. List the prime factors of p.
3
Let m = -11 - -16. Suppose 0 = -j + 6*j - 5*d - 245, 5 = -d. Suppose -j = -9*v + m*v. List the prime factors of v.
11
Suppose -4249 + 15022 = 9*w. List the prime factors of w.
3, 7, 19
What are the prime factors of (-5)/(-20) + 30172/16 + 2?
2, 59
Let o(q) = -26*q + 30. Let z be o(-9). Suppose 2*y + d = 132, 2*y - d + z = 6*y. List the prime factors of y.
2, 3, 11
Suppose 21075 = 19*j - 2922. What are the prime factors of j?
3, 421
Let q = -33 - -138. Suppose 2*n - q - 353 = -4*t, -2*t + 5*n + 259 = 0. List the prime factors of t.
3, 13
Suppose 0 = r - 3*l + 8, -3*l + 20 = 5*r + 6. What are the prime factors of 15/(-5)*(-72 - r)?
3, 73
Let z(o) = -13*o + 2 + 1 + 2*o + 1 + o**2. Let w be z(10). What are the prime factors of 15 - (w - (-2 + 0))?
19
Let q = 11 - 9. Suppose 5*o = o + q*k + 2, o = -k + 5. Suppose o*w - 2*n - 14 = -4*n, 0 = n + 4. What are the prime factors of w?
11
Let i(s) = -s**2 + 4*s - 6. Let j(x) = x**2 + x. Let k(r) = -i(r) - 2*j(r). Let m = -11 + 5. List the prime factors of k(m).
2, 3
Suppose -2982 = -23*v + 17*v. List the prime factors of v.
7, 71
Suppose 0*f - 4*f = -2*m - 6034, 2*f = -4*m + 3042. List the prime factors of f.
1511
Let f = 1598 - 1053. List the prime factors of f.
5, 109
What are the prime factors of (-3276)/(-13) + (-4)/2?
2, 5
Suppose -v - 4*v = 15. Let m = 17 + v. Suppose i - 5*u - m = 12, -81 = -4*i - 3*u. What are the prime factors of i?
3, 7
Suppose 5*y = 3781 + 4089. List the prime factors of y.
2, 787
List the prime factors of ((-40680)/(-96))/((-1)/(-4)*1).
3, 5, 113
Suppose -4*m + 1388 = -3*b, -5*b + 694 = -0*m + 2*m. Suppose 2*q - 5*h - m = -q, 3*h = -4*q + 482. What are the prime factors of 9/27 - q/(-3)?
2, 5
Suppose 0 = 5*w + 22*p - 23*p - 11131, -11127 = -5*w + 2*p. What are the prime factors of w?
17, 131
Suppose -41*k + 2*g = -38*k - 2930, 0 = -2*k - 4*g + 1932. What are the prime factors of k?
2, 487
Suppose -3*z = -3*p - 6*z + 903, -4*p = 2*z - 1206. List the prime factors of p.
2, 151
Suppose 34 = o + 4*n, 2*o = -o + 2*n + 172. List the prime factors of 6/o + 1376/9.
3, 17
Let w be 35*(-4 + -3 + 4). Let r = 166 + w. What are the prime factors of -3 + (r - 4 - 0)?
2, 3
Let u(z) = 11*z**3 - 16*z**2 - 18*z - 16. List the prime factors of u(6).
2, 419
Let p(b) = 109*b + 4. Let y be p(3). Let f = -175 + y. List the prime factors of f/18 + (-1)/(-3).
3
Let j = -33 - -61. Let w = 10 + j. List the prime factors of w.
2, 19
List the prime factors of 30814/8 - (-10)/8 - -5.
2, 3, 643
Let d(a) = 11*a**2 - 2*a + 11. What are the prime factors of d(-3)?
2, 29
Suppose -5*d = 2*u + 26, -d + 14 = -3*d - 2*u. What are the prime factors of ((-28)/(-42))/(d/(-378))?
3, 7
Let n = 25 + -7. Let y = n + -14. Let k(p) = p**3 - 2*p**2 + 2*p + 5. List the prime factors of k(y).
3, 5
List the prime factors of 12/15 + 75936/105.
2, 181
Let z = 808 - -751. What are the prime factors of z?
1559
Suppose -5*u + 15*u - 1290 = 0. What are the prime factors of 1 + -2 - u/(-3)?
2, 3, 7
Let r = -290 + 555. List the prime factors of r.
5, 53
List the prime factors of (143 - -10) + (1 - -2).
2, 3, 13
List the prime factors of 396/(-54)*(-417)/2.
11, 139
Suppose 5*t + 14*t = 20273. List the prime factors of t.
11, 97
Let n be ((-18)/4)/(15/20). Let m be (-4)/n - (-20)/(-12). What are the prime factors of 6*(33/9 - m)?
2, 7
Let c(k) = k**3 - 19*k**2 - k + 15. Let y be c(19). List the prime factors of y - (0 - (46 + 4)).
2, 23
Suppose 4*h + m = 2*m + 3, 0 = 4*m + 12. Suppose h = 3*n - 3*u - 51 - 369, 3*u = 4*n - 558. List the prime factors of n.
2, 3, 23
Suppose 7 = -4*n - 81. Suppose -m + 2*r = -47, r = -5*m + 4*r + 207. Let z = m + n. What are the prime factors of z?
17
Suppose 12 - 143 = d. Let s = -30 - d. List the prime factors of s.
101
Let z(d) = 2*d - 9. Let f be z(8). Let o = 7 - f. Suppose o*b + 34 = b. What are the prime factors of b?
2, 17
Let n(o) = 293*o - 323. List the prime factors of n(11).
2, 5, 29
Let n(y) = y**2 - 7*y - 15. Let d = -21 - -11. Let r be n(d). Suppose 3*a = -2*a + r. What are the prime factors of a?
31
Suppose 610 = 4*a - 6*x + 3*x, -3*a + 464 = x. Suppose -f + 0*d = -4*d - 40, 0 = 5*f + 3*d - a. List the prime factors of f.
2
Suppose 4*q - s - 6 = -3, 0 = q - 5*s + 23. Let o be (8/q - 3)*7. S